
In base 12, what is -b6 + 5?
-b1
In base 5, what is 13 - -2311?
2324
In base 3, what is 10 - 102210?
-102200
In base 11, what is 1424 + -2?
1422
In base 3, what is 202120 + -2?
202111
In base 5, what is 0 - 21?
-21
In base 13, what is -21 - 8?
-29
In base 11, what is 1177 - 2?
1175
In base 11, what is 34a - 7?
343
In base 16, what is 3 + 2b?
2e
In base 3, what is -10 + 1210000?
1202220
In base 15, what is 3a2 + -3?
39e
In base 5, what is 14042 - -10?
14102
In base 10, what is -261 + -7?
-268
In base 3, what is 10000211 + 12?
10001000
In base 8, what is -224 - 1?
-225
In base 7, what is -3 - -5101?
5065
In base 9, what is 3 - -1131?
1134
In base 11, what is -4 + -629?
-632
In base 5, what is -2431 - 3?
-2434
In base 11, what is 172 - 5?
168
In base 16, what is 303 + 3?
306
In base 9, what is 1037 - 23?
1014
In base 12, what is -5 - -53?
4a
In base 4, what is -11132 + 13?
-11113
In base 11, what is -5371 + -4?
-5375
In base 13, what is 85 - 0?
85
In base 10, what is 2692 - 2?
2690
In base 11, what is -8 - -985?
978
In base 7, what is 542 - -3?
545
In base 4, what is -100 - -10?
-30
In base 4, what is 1112 - 11?
1101
In base 6, what is 2 + -101?
-55
In base 16, what is -1 + 60?
5f
In base 2, what is 1100000111 + -1?
1100000110
In base 14, what is -4 + -3?
-7
In base 16, what is -12 - -3?
-f
In base 2, what is 1 - 11011001?
-11011000
In base 4, what is 3 - 20233?
-20230
In base 9, what is 36 - -65?
112
In base 14, what is -5d3 + 2?
-5d1
In base 4, what is 10 + -12113?
-12103
In base 2, what is -11100111 + 100010?
-11000101
In base 14, what is -5 + 74?
6d
In base 7, what is 5 - -5?
13
In base 13, what is -7378 - -3?
-7375
In base 12, what is b6 + -a?
a8
In base 2, what is -1010110110111 - -11?
-1010110110100
In base 2, what is -10000111 + -100?
-10001011
In base 7, what is -102 - 4?
-106
In base 13, what is -16 + -b?
-24
In base 4, what is 12320 - -10?
12330
In base 2, what is 100 - -100111?
101011
In base 15, what is 2 - 65?
-63
In base 10, what is 75 - -2?
77
In base 16, what is 2 - 3c2?
-3c0
In base 2, what is 1011001111 + 101?
1011010100
In base 11, what is -191 + -3?
-194
In base 10, what is -15 - -8?
-7
In base 13, what is -4a + 27?
-23
In base 6, what is -1201 + -3?
-1204
In base 10, what is -393 + 4?
-389
In base 12, what is 15 + -91?
-78
In base 16, what is 79 - -2?
7b
In base 5, what is 3 - -23313?
23321
In base 15, what is -12 + 37?
25
In base 4, what is -10 - 2320?
-2330
In base 7, what is 212 + 52?
264
In base 16, what is -1 - -d8?
d7
In base 15, what is -72 + 1?
-71
In base 14, what is -45 - 3?
-48
In base 3, what is -1112000120 + -12?
-1112000202
In base 10, what is 274 - -2?
276
In base 15, what is 0 - 30?
-30
In base 5, what is -4 + -130?
-134
In base 15, what is 4cc - -1?
4cd
In base 10, what is -39 - -42?
3
In base 6, what is -103 + -111?
-214
In base 8, what is -33 + 235?
202
In base 10, what is 4239 - 10?
4229
In base 8, what is 3 + 153?
156
In base 4, what is 0 - 1002?
-1002
In base 16, what is 383e + 0?
383e
In base 2, what is -1 - 1101010110?
-1101010111
In base 16, what is 2 + -41?
-3f
In base 4, what is 20 + -121?
-101
In base 3, what is -10 - -12111?
12101
In base 3, what is 2 + -20122?
-20120
In base 7, what is 1131 + 0?
1131
In base 15, what is -2b - 257?
-283
In base 11, what is 5 - -60?
65
In base 4, what is 11011 - -22?
11033
In base 15, what is 5 + 11?
16
In base 5, what is 1 - 1110?
-1104
In base 12, what is -15 - -32?
19
In base 4, what is 2220221 + 2?
2220223
In base 6, what is -25 - 220?
-245
In base 14, what is -4 + 25?
21
In base 4, what is 2 + -213?
-211
In base 4, what is -1 - -31030?
31023
In base 8, what is -12646 - -5?
-12641
In base 4, what is -33 - 31100?
-31133
In base 4, what is -1 - -110?
103
In base 16, what is -4 - -f?
b
In base 5, what is 143 - -10?
203
In base 9, what is -3 + 205?
202
In base 6, what is -10 - 102?
-112
In base 4, what is 12020 - 10?
12010
In base 8, what is 1 - -357?
360
In base 2, what is 1 + 10000100000?
10000100001
In base 10, what is -160 + -6?
-166
In base 15, what is 25c + -1?
25b
In base 7, what is 1006 + 5?
1014
In base 10, what is 1920 + 3?
1923
In base 6, what is 100 + -2?
54
In base 8, what is 2007 - -5?
2014
In base 12, what is -108 + 5?
-103
In base 7, what is 0 + -654?
-654
In base 13, what is -3 - 322?
-325
In base 5, what is 10 + 11?
21
In base 2, what is -101101001 + -10?
-101101011
In base 3, what is 122112 + -20?
122022
In base 12, what is -1 + -14?
-15
In base 2, what is -1111 + -1001?
-11000
In base 12, what is 42 - -b?
51
In base 12, what is 552 - 1?
551
In base 16, what is 42 - -9?
4b
In base 14, what is 213d - 2?
213b
In base 4, what is 1 + 1000?
1001
In base 4, what is 21223 - 31?
21132
In base 2, what is 0 + -100101011?
-100101011
In base 11, what is 2a1 + -5?
297
In base 9, what is -15 + -117?
-133
In base 13, what is 9 - b?
-2
In base 11, what is 0 - -95?
95
In base 14, what is -2 - -ba?
b8
In base 7, what is 31 - -25?
56
In base 11, what is -a - 5?
-14
In base 16, what is 5 - 9?
-4
In base 5, what is -10 - -2022?
2012
In base 3, what is 1 - -11002?
11010
In base 2, what is 1010001010 + 0?
1010001010
In base 11, what is 80 - -a?
8a
In base 10, what is -24 + -1098?
-1122
In base 13, what is 3 - -6a?
70
In base 8, what is 5100 - -3?
5103
In base 4, what is 12230 + -10?
12220
In base 4, what is 1100 - -2222?
3322
In base 12, what is -16 - 0?
-16
In base 7, what is 223 + -10?
213
In base 8, what is -3 - -6?
3
In base 15, what is -3 + -325?
-328
In base 6, what is -2202 + 1?
-2201
In base 12, what is a + 3b?
49
In base 14, what is -c + -12?
-20
In base 13, what is -9 + 3c?
33
In base 9, what is -155 - -23?
-132
In base 7, what is -24221 + -3?
-24224
In base 15, what is -22e - 3?
-232
In base 10, what is 4334 + 1?
4335
In base 3, what is -202202202 - 0?
-202202202
In base 3, what is 10212 - 1?
10211
In base 6, what is -4 - -4345?
4341
In base 16, what is 1 - -2e?
2f
In base 9, what is 1 - 32?
-31
In base 16, what is 2 - -2e?
30
In base 9, what is 21 + -5?
15
In base 9, what is -327 + 2?
-325
In base 12, what is 310 + 5?
315
In base 9, what is 0 - 885?
-885
In base 14, what is 4b2 - -2?
4b4
In base 2, what is -101 - -100110100?
100101111
In base 12, what is 23 + 3?
26
In base 6, what is 0 - -2240?
2240
In base 13, what is -12 + -11?
-23
In base 15, what is -327 - 24?
-34b
In base 16, what is 1 + 9b6?
9b7
In base 7, what is -2 + 2500?
2465
In base 15, what is 1666 - -4?
166a
In base 14, what is -c33d - -2?
-c33b
In base 9, what is 5 + -842?
-836
In base 7, what is 10 - -261?
301
In base 11, what is 5 + -1665?
-1660
In base 12, what is 420 + 5?
425
In base 5, what is -2 + 10030?
10023
In base 9, what is -465 - 3?
-468
In base 6, what is 155 + 0?
155
In base 5, what is 30 - -120?
200
In base 5, what is -14 - 414?
-433
In base 4, what is 113201 + 11?
113212
In base 5, what is -44002 - -4?
-43443
In base 12, what is -274 - 5?
-279
In base 16, what is -ee + -3?
-f1
In base 13, what is 5293 - 4?
528c
In base 11, what is -24 - 306?
-32a
In base 6, what is -1 + -1151?
-1152
In base 4, what is 1 + 202?
203
In base 10, what is 120 + 4?
124
In base 12, what is 47 + 3?
4a
In base 4, what is -30133 - 11?
-30210
In base 6, what is 432 + -2?
430
In base 13, what is 1b3 - -5?
1b8
In base 4, what is -322 - 111?
-1033
In base 14, what is -3 + -dc?
-101
In base 7, what is -1301 + 1?
-1300
In base 10, what is -1 + -239?
-240
In base 4, what is -10 + -10203?
-10213
In base 13, what is 0 - 140?
-140
In base 16, what is 0 - -1021?
1021
In base 4, what is -1 + -222120?
-222121
In base 10, what is 522 - 2?
520
In base 13, what is -46 + -16?
-5c
In base 3, what is 0 - -2011022?
2011022
In base 3, what is -10202210 - -1?
-10202202
In base 8, what is -2 + -237?
-241
In base 16, what is -31 + -4?
-35
In base 8, what is 5 - 25?
-20
In base 11, what is 571 - -4?
575
In base 8, what is 3 + 1036?
1041
In base 14, what is -1c + -2?
-20
In base 4, what is 2020 + -3?
2011
In base 10, what is 10 + -91?
-81
In base 8, what is 3 - 17?
-14
In base 4, what is -10103111 - -11?
-10103100
In base 5, what is 0 - -3?
3
In base 3, what is -1 + -11202?
-11210
In base 6, what is 1 - 311?
-310
In base 10, what is 8 - 243?
-235
In base 15, what is cc + 1?
cd
In base 8, what is -22 + 13?
-7
In base 8, wha